at is the remainder when 11403908 is divided by 1387?
1381
Calculate the remainder when 2914585 is divided by 338.
11
Calculate the remainder when 8100117 is divided by 13.
12
What is the remainder when 158316 is divided by 1820?
1796
Calculate the remainder when 15930835 is divided by 50255.
0
What is the remainder when 1367675 is divided by 19526?
855
What is the remainder when 989164 is divided by 35?
29
What is the remainder when 269731 is divided by 89426?
1453
What is the remainder when 195869 is divided by 45079?
15553
Calculate the remainder when 413618 is divided by 1106.
1080
What is the remainder when 7970705 is divided by 169?
158
What is the remainder when 30368024 is divided by 25?
24
Calculate the remainder when 46828 is divided by 363.
1
Calculate the remainder when 55625 is divided by 7400.
3825
What is the remainder when 1642090 is divided by 451?
450
What is the remainder when 10522 is divided by 1164?
46
What is the remainder when 15079819 is divided by 34?
3
Calculate the remainder when 15042 is divided by 2639.
1847
What is the remainder when 26686638 is divided by 3708?
162
Calculate the remainder when 1107286 is divided by 24.
22
What is the remainder when 199742 is divided by 271?
15
Calculate the remainder when 2165673 is divided by 585.
3
Calculate the remainder when 190352 is divided by 12561.
1937
Calculate the remainder when 8144742 is divided by 298.
104
Calculate the remainder when 264327 is divided by 13216.
7
Calculate the remainder when 7324256 is divided by 9330.
206
What is the remainder when 250922 is divided by 13939?
20
Calculate the remainder when 701779 is divided by 701602.
177
What is the remainder when 10273800 is divided by 10273796?
4
What is the remainder when 22361 is divided by 7062?
1175
Calculate the remainder when 1076740 is divided by 133.
105
What is the remainder when 5273643 is divided by 623?
571
What is the remainder when 1232623 is divided by 924?
7
Calculate the remainder when 205268113 is divided by 79346.
11
What is the remainder when 144887637 is divided by 76?
21
What is the remainder when 4759424 is divided by 225?
224
Calculate the remainder when 35273639 is divided by 705472.
39
Calculate the remainder when 6474776 is divided by 73577.
0
What is the remainder when 12147811 is divided by 905?
901
Calculate the remainder when 753676 is divided by 150733.
11
What is the remainder when 3058554 is divided by 191159?
10
What is the remainder when 2589 is divided by 125?
89
What is the remainder when 11446120 is divided by 269?
170
What is the remainder when 84598244 is divided by 28199412?
8
Calculate the remainder when 5459718 is divided by 350.
68
Calculate the remainder when 4438933 is divided by 1373.
24
What is the remainder when 38038654 is divided by 388?
298
Calculate the remainder when 1048182 is divided by 300.
282
Calculate the remainder when 295122002 is divided by 59.
49
Calculate the remainder when 7916318 is divided by 45.
8
Calculate the remainder when 925174 is divided by 1461.
361
Calculate the remainder when 237272 is divided by 3061.
1575
Calculate the remainder when 12873181 is divided by 22.
13
Calculate the remainder when 3795850 is divided by 418.
410
What is the remainder when 841024 is divided by 198?
118
Calculate the remainder when 346207 is divided by 712.
175
What is the remainder when 262194 is divided by 14?
2
What is the remainder when 772989699 is divided by 194?
191
What is the remainder when 8164352 is divided by 21042?
56
Calculate the remainder when 556274 is divided by 1006.
962
What is the remainder when 7372348 is divided by 135?
133
Calculate the remainder when 281742 is divided by 12326.
10570
What is the remainder when 74086 is divided by 668?
606
Calculate the remainder when 3919163 is divided by 6281.
6100
What is the remainder when 574840 is divided by 574827?
13
Calculate the remainder when 19039918 is divided by 1695.
1678
What is the remainder when 2294404 is divided by 1622?
896
Calculate the remainder when 185879750 is divided by 3793.
3785
What is the remainder when 1722095 is divided by 32490?
125
What is the remainder when 11509184 is divided by 599?
597
What is the remainder when 451277 is divided by 451206?
71
Calculate the remainder when 13317 is divided by 343.
283
What is the remainder when 382079 is divided by 138?
95
What is the remainder when 1007080 is divided by 1007062?
18
Calculate the remainder when 850857 is divided by 33.
18
Calculate the remainder when 751267 is divided by 672.
643
What is the remainder when 662542 is divided by 7201?
50
Calculate the remainder when 1950182 is divided by 43.
3
Calculate the remainder when 13112508 is divided by 1704.
228
What is the remainder when 799776 is divided by 18107?
3068
What is the remainder when 4588007 is divided by 13861?
16
Calculate the remainder when 293150 is divided by 405.
335
Calculate the remainder when 12986 is divided by 2629.
2470
Calculate the remainder when 26895245 is divided by 69.
11
Calculate the remainder when 297117 is divided by 99039.
0
Calculate the remainder when 451792 is divided by 61.
26
What is the remainder when 14823686 is divided by 29066?
26
What is the remainder when 33291801 is divided by 21?
18
Calculate the remainder when 35893456 is divided by 31708.
0
Calculate the remainder when 15296 is divided by 2260.
1736
What is the remainder when 771947 is divided by 4128?
11
What is the remainder when 5145401 is divided by 308?
261
What is the remainder when 2164520 is divided by 67640?
40
Calculate the remainder when 2155983 is divided by 79.
73
What is the remainder when 1119831 is divided by 9746?
8787
Calculate the remainder when 362010461 is divided by 3333.
3332
Calculate the remainder when 114727 is divided by 19106.
91
Calculate the remainder when 972613 is divided by 5227.
391
Calculate the remainder when 951615 is divided by 28826.
357
Calculate the remainder when 2181162 is divided by 272642.
26
What is the remainder when 68447 is divided by 2115?
767
What is the remainder when 13305012 is divided by 106?
104
Calculate the remainder when 22992770 is divided by 125.
20
What is the remainder when 35370 is divided by 1138?
92
Calculate the remainder when 17564815 is divided by 4482.
4339
Calculate the remainder when 196884 is divided by 3279.
144
Calculate the remainder when 7358307 is divided by 28.
19
What is the remainder when 1911836 is divided by 2372?
4
Calculate the remainder when 276742 is divided by 138360.
22
Calculate the remainder when 53752054 is divided by 39.
31
What is the remainder when 34022 is divided by 206?
32
Calculate the remainder when 94564 is divided by 80.
4
Calculate the remainder when 29038535 is divided by 910.
435
Calculate the remainder when 263243 is divided by 1425.
1043
Calculate the remainder when 6688603 is divided by 231.
229
Calculate the remainder when 1511565 is divided by 503772.
249
Calculate the remainder when 24262367 is divided by 182.
129
What is the remainder when 2534 is divided by 1267?
0
What is the remainder when 1455531 is divided by 25095?
21
What is the remainder when 5027723 is divided by 5115?
4793
Calculate the remainder when 187211 is divided by 187113.
98
What is the remainder when 160429 is divided by 308?
269
Calculate the remainder when 597202 is divided by 298551.
100
Calculate the remainder when 4322784 is divided by 57637.
9
Calculate the remainder when 65406680 is divided by 106.
16
What is the remainder when 1755598 is divided by 75?
73
What is the remainder when 174309981 is divided by 41?
39
What is the remainder when 28037 is divided by 23319?
4718
Calculate the remainder when 652586 is divided by 983.
857
What is the remainder when 45951766 is divided by 801?
799
What is the remainder when 4791081 is divided by 241?
1
Calculate the remainder when 7489126 is divided by 662.
582
What is the remainder when 53397 is divided by 1618?
3
Calculate the remainder when 89874 is divided by 652.
550
What is the remainder when 139089238 is divided by 510?
508
What is the remainder when 3672952 is divided by 13654?
26
What is the remainder when 9859466 is divided by 142?
122
Calculate the remainder when 323674 is divided by 1453.
1108
What is the remainder when 89652 is